base 14, what is -5 + a97?
a92
In base 6, what is 3504 - 4?
3500
In base 7, what is -3 + 45?
42
In base 15, what is -1d + -15?
-33
In base 14, what is 0 - -b9?
b9
In base 8, what is 3106 - 3?
3103
In base 7, what is -543 + 32?
-511
In base 10, what is 2 - 156?
-154
In base 10, what is 1792 - 11?
1781
In base 4, what is 10 - -13?
23
In base 2, what is 100110100 + 100?
100111000
In base 16, what is 5 + cd?
d2
In base 13, what is 6bc - -4?
6c3
In base 10, what is -4 - 31?
-35
In base 7, what is -16 - -12?
-4
In base 11, what is 60a3 - -5?
60a8
In base 2, what is -1111100 + 1000?
-1110100
In base 15, what is -2 + -4a1?
-4a3
In base 14, what is -1 - -6c?
6b
In base 16, what is -4 + 2ff?
2fb
In base 7, what is 21 - -32?
53
In base 12, what is -5a8 - -3?
-5a5
In base 9, what is 247 - 0?
247
In base 8, what is -3 - 1105?
-1110
In base 11, what is -23 - 426?
-449
In base 15, what is 52 + 59?
ab
In base 11, what is 1635 + 2?
1637
In base 14, what is -5a + 3?
-57
In base 6, what is 1021 - 4?
1013
In base 4, what is -10 + -223?
-233
In base 6, what is 423221 - -1?
423222
In base 14, what is -13 + 2d?
1a
In base 15, what is -88 + 9?
-7e
In base 4, what is -2131 + 130?
-2001
In base 4, what is 33 + 3?
102
In base 2, what is 10100110001 - 1?
10100110000
In base 7, what is 11 + 4?
15
In base 3, what is -100 + 101?
1
In base 7, what is 15 + 136?
154
In base 6, what is 12120 - -1?
12121
In base 5, what is -1 + -301?
-302
In base 6, what is 24 - 122?
-54
In base 11, what is 1a0 - 70?
130
In base 4, what is -11123 + 1?
-11122
In base 11, what is 5 - 1409?
-1404
In base 13, what is 428 - -7?
432
In base 5, what is -2 + -34311?
-34313
In base 4, what is -1 + 1320?
1313
In base 10, what is -3 - -426?
423
In base 11, what is 5623 + 3?
5626
In base 5, what is -2 - -34?
32
In base 15, what is -eb2 + -2?
-eb4
In base 5, what is 4400 - -4?
4404
In base 12, what is 2682 + -6?
2678
In base 10, what is 54 + -32?
22
In base 10, what is 1342 + -2?
1340
In base 8, what is -3505 + 10?
-3475
In base 9, what is 0 - -2538?
2538
In base 16, what is -3 - -5?
2
In base 6, what is 5 - -123?
132
In base 4, what is -3 + -1110?
-1113
In base 16, what is 4f + 0?
4f
In base 7, what is 4 - 40?
-33
In base 3, what is -202 - -21110?
20201
In base 10, what is -6 + 18?
12
In base 14, what is 419 - 1?
418
In base 15, what is 3 - 84?
-81
In base 9, what is -166 + 5?
-161
In base 7, what is 2 + 120?
122
In base 15, what is -18 - -2a6?
28d
In base 14, what is -1b + 68?
4b
In base 4, what is 32 - -211?
303
In base 5, what is -10 - -203?
143
In base 3, what is -11 + -10?
-21
In base 16, what is 3 - -75c?
75f
In base 9, what is 1 + 1312?
1313
In base 11, what is 37 - 7?
30
In base 4, what is 2303 - 22?
2221
In base 13, what is -1 + 2b?
2a
In base 7, what is 55 - -34?
122
In base 5, what is 1341 + 4?
1400
In base 11, what is 16804 + 5?
16809
In base 14, what is -2b - 4?
-31
In base 5, what is -40214 - -2?
-40212
In base 6, what is 515 - 3?
512
In base 12, what is 258 - -5?
261
In base 16, what is 0 + 0?
0
In base 6, what is -353 - 5?
-402
In base 9, what is 0 + 3116?
3116
In base 13, what is -5 - -6a?
65
In base 13, what is -70 - 5?
-75
In base 10, what is -8 - -498?
490
In base 14, what is 1 - -69?
6a
In base 6, what is -1025 - -4?
-1021
In base 15, what is 1c6 + -3?
1c3
In base 16, what is 4 + 15?
19
In base 7, what is -34 - 13?
-50
In base 15, what is -16 - 50?
-66
In base 7, what is 0 - -146?
146
In base 3, what is -2 + -22100?
-22102
In base 8, what is 17 + -20?
-1
In base 6, what is 151 + -5?
142
In base 13, what is -cb + 4?
-c7
In base 13, what is -19 - 2?
-1b
In base 2, what is -111011100 + 100110?
-110110110
In base 8, what is 4024 + -5?
4017
In base 4, what is 213101 - 3?
213032
In base 6, what is 41 + -34?
3
In base 14, what is 3 + -40?
-3b
In base 2, what is 1101111110100010 - 1?
1101111110100001
In base 3, what is 12 - -12002?
12021
In base 15, what is ce - -4?
d3
In base 14, what is -23 - 1c?
-41
In base 5, what is 40324 - 10?
40314
In base 11, what is 4 + 2565?
2569
In base 2, what is -1110010 - -1010000?
-100010
In base 2, what is 101101 + 101?
110010
In base 7, what is 3 + 113?
116
In base 4, what is 3 - -1031?
1100
In base 13, what is c + 3?
12
In base 6, what is 322411 + 5?
322420
In base 3, what is 12001 + 122?
12200
In base 4, what is -130 + -10?
-200
In base 12, what is 319 + 8?
325
In base 2, what is 0 + -101011010010?
-101011010010
In base 3, what is 11 + 2?
20
In base 14, what is 11 + 2b?
3c
In base 9, what is 7 + -333?
-325
In base 15, what is -1 + b6?
b5
In base 16, what is -b + -13?
-1e
In base 8, what is -235 - 23?
-260
In base 2, what is -100 + 10010110?
10010010
In base 14, what is 3b3 + -5?
3ac
In base 6, what is -221031 - -2?
-221025
In base 15, what is -81e - 4?
-823
In base 11, what is -5 - 28?
-32
In base 11, what is 2 + -531?
-52a
In base 12, what is 7255 + 1?
7256
In base 2, what is 101 + -10010110111?
-10010110010
In base 16, what is -97 - -84?
-13
In base 6, what is 3020 + 3?
3023
In base 13, what is -1 + 5b?
5a
In base 8, what is -20 + -3?
-23
In base 6, what is -404 - 3?
-411
In base 7, what is -2 - -310?
305
In base 8, what is 1 + -763?
-762
In base 3, what is 110 + -112?
-2
In base 4, what is -11 + -2102?
-2113
In base 6, what is 15 - -4?
23
In base 10, what is 0 + 20?
20
In base 6, what is 431 - -3?
434
In base 7, what is -155 - -6?
-146
In base 12, what is 940 + 7?
947
In base 6, what is 1435 + 3?
1442
In base 3, what is -120010 - -2?
-120001
In base 12, what is -3 - -3?
0
In base 6, what is 0 + -243?
-243
In base 8, what is 57 + 117?
176
In base 3, what is 1120201 - -1?
1120202
In base 4, what is -2 + 33132?
33130
In base 4, what is 2 - -11310?
11312
In base 12, what is 2 - -b0?
b2
In base 3, what is -22 - 210121?
-210220
In base 13, what is 8 + 25?
30
In base 3, what is 12 - 10101?
-10012
In base 11, what is 80 + 40?
110
In base 10, what is -2 - -384?
382
In base 5, what is 10 - 1142?
-1132
In base 14, what is -1a5 - 3?
-1a8
In base 10, what is 263 + -25?
238
In base 16, what is 3 - -3a?
3d
In base 13, what is 4 - -40?
44
In base 15, what is cb - 8?
c3
In base 5, what is 0 - 134?
-134
In base 15, what is -31 + 38?
7
In base 12, what is 145 + 0?
145
In base 12, what is 0 + -15ba?
-15ba
In base 12, what is -2206 + 5?
-2201
In base 6, what is -3 + -21?
-24
In base 15, what is 2b5 - 1?
2b4
In base 9, what is -6322 + 2?
-6320
In base 13, what is 4 + 5b0?
5b4
In base 5, what is 3 - -123?
131
In base 5, what is -1 + -13203?
-13204
In base 15, what is -1a8 + 5?
-1a3
In base 2, what is 1 - 1100101?
-1100100
In base 16, what is -4 + 2a8?
2a4
In base 13, what is 3 + 2b?
31
In base 5, what is -3411 + 10?
-3401
In base 2, what is 100000 - 1001?
10111
In base 8, what is -2057 + 4?
-2053
In base 11, what is -75 + 67?
-9
In base 12, what is 0 - -34?
34
In base 7, what is 6 + 41?
50
In base 15, what is -5 - 56?
-5b
In base 12, what is 22 - -373?
395
In base 4, what is 0 + -20322?
-20322
In base 2, what is -11 - -1000100?
1000001
In base 16, what is -c + 0?
-c
In base 14, what is -6 + -8?
-10
In base 4, what is -1103310 + 0?
-1103310
In base 6, what is 0 + 23?
23
In base 6, what is -15 - 1?
-20
In base 6, what is -523 + 0?
-523
In base 11, what is 1121 - -5?
1126
In base 10, what is 16 - -72?
88
In base 16, what is 1da + 0?
1da
In base 16, what is -7 - -48?
41
In base 2, what is -101011 + 10101?
-10110
In base 14, what is 111 - -5?
116
In base 10, what is 14 + -42?
-28
In base 16, what is 4 + ad?
b1
In base 16, what is 2c - 2?
2a
In base 14, what is 248 + -3?
245
In base 10, what is 19 - -2?
21
In base 10, what is 3 + 79?
82
In base 11, what is 5 - -a00?
a05
In base 11, what is a5 - -7?
101
In base 12, what is 6 - -14?
1a
In base 6, what is -154533 + -5?
-154542
In base 10, what is -122 + -1?
-123
In base 2, what is 10 + 10011100?
10011110
In base 2, what is 10111111110000 + -100?
10111111101100
In base 7, what is -56254 - -3?
-56251
In base 16, what is -1 + 49?
48
In base 14, what is -1d1 + -3?
-1d4
In base 7, what is 3 + -14621?
-14615
In base 12, what is 0 - 1b9?
-1b9
In base 2, what is -111 + 10000?
1001
In base 15, what is 1 + 1b?
1c
In base 16, what is 86 - 2?
84
In base 12, what is -1 - -65?
64
In base 3, what is -1012222 + -10?
-1020002
In base 3, what is -2 +